nd t.
13
Let i be 75/45 - 38/(-6). Calculate the greatest common factor of 12 and i.
4
Let s be (1*-1)/((-3)/(-6)). Let z be 664/12 - s/3. Suppose 21 = -0*d + 3*d. What is the greatest common factor of z and d?
7
Let b be 2*2*30/2. Let i be (14/5)/(3/15). Let h = i + 1. What is the highest common factor of b and h?
15
Let d(v) = -v**2 + 22*v + 50. Let l be d(24). What is the highest common divisor of 2 and l?
2
Let x(o) = 10*o. Let k be x(2). Suppose -k = a + 3*a, -a = g + 2. Suppose g*l = -l + 4. What is the highest common divisor of l and 4?
1
Suppose 7*p - 1105 = -412. Calculate the greatest common factor of p and 33.
33
Let f(u) = u**2 - 2*u + 3. Let t be f(-3). Calculate the greatest common factor of 2 and t.
2
Let n(i) = 16*i + 1. Let q be n(2). Suppose 129 - 41 = 4*l. Calculate the highest common divisor of l and q.
11
Suppose -p + 2*p = 5*v - 7, 4*p - 12 = 0. Let j be v/4 + 10/4. Let w be (8/(-10))/(j/(-30)). What is the greatest common factor of 4 and w?
4
Let u be (0 - 0) + 392/4. Suppose t = -t + u. What is the greatest common divisor of t and 7?
7
Suppose -2*u + 3*u - 5*q - 148 = 0, 3*u - 508 = -q. Suppose k + 3*k - u = 0. What is the greatest common divisor of k and 14?
14
Suppose -5*w = -w, -4*c + 416 = 5*w. Suppose -28 = -g - 3*l, -3*g = g + 4*l - 72. Calculate the highest common factor of g and c.
13
Let y be -632*(18/8 + -3). Let d = -324 + y. What is the highest common factor of 25 and d?
25
Let i(p) = 3*p**2 + 3*p + 0*p - 4*p. Let z be i(1). Let l be (2 - z) + (6 - 1). Calculate the greatest common divisor of l and 5.
5
Suppose -67 = -y - z + 5, -2*y + 129 = -3*z. Calculate the greatest common divisor of 46 and y.
23
Suppose 3*h + 612 = 4*z, -h - 227 = -2*z + 81. Calculate the greatest common divisor of 39 and z.
39
Let l = 18 + -12. Calculate the greatest common divisor of 30 and l.
6
Let m be (5 - (4 - 3 - -3))*9. What is the highest common factor of m and 15?
3
Let s(o) = o**2 - 2*o + 2. Let y be s(7). Let w be 1/(2/(-6)) - y. Let n be (3/2)/((-6)/w). Calculate the greatest common factor of n and 10.
10
Let d be 2380/18 + 4/(-18). Calculate the highest common divisor of d and 33.
33
Suppose 70 = 5*b + c, b = -0*b + 4*c + 14. What is the highest common factor of 2 and b?
2
Let z = 2 + 1. Suppose 2*g - 2 = 0, z*g = -2*s + 8 + 1. Let x = 25 - 13. Calculate the highest common factor of s and x.
3
Let d(a) = 2*a**2 - a + 3. Let y be d(-3). Suppose -y = -3*b - b. What is the highest common factor of 9 and b?
3
Let p(j) = j**3 + 4*j**2 - 2*j + 4. Let d be p(-4). Suppose 13*k + 10 = 49. Suppose k*q + d = 4*q. Calculate the greatest common divisor of q and 12.
12
Let m(o) = -o**3 + 5*o**2 - 4*o - 9. Let w be m(7). Let q = -87 - w. What is the greatest common factor of q and 12?
12
Let c(p) = p**2 - p. Let l be c(2). Let s be 304/22 + 2/11. Calculate the highest common factor of l and s.
2
Let i be 2 - -1 - (4 + -1). Suppose i = k - 7 - 10. What is the greatest common factor of 68 and k?
17
Let a(f) = -31*f - 3. Let p be a(-3). Let w(d) = 385*d**3 + 2*d**2 - 1. Let o be w(1). Suppose 4*y - o = p. Calculate the greatest common divisor of y and 17.
17
Suppose 2*t - j - 83 = -2*t, 5*j - 25 = 0. What is the highest common factor of t and 22?
22
Let u be (-4)/(-18) + 136/36. Let g be 4/6 - (-22)/3. Calculate the greatest common divisor of u and g.
4
Let d(m) = m + 6. Let y be d(-9). Let r(v) = -2*v + 4. Let h be r(y). Calculate the highest common factor of 10 and h.
10
Suppose 1 = 2*h - 3. Calculate the highest common factor of 18 and h.
2
Suppose 3*k - 4*k + 33 = 0. What is the highest common divisor of k and 3?
3
Let v(n) = n**3 + 6*n**2 + n + 3. Let d be v(-6). Let r = -1 - d. Suppose -r*u + 134 + 118 = 0. Calculate the greatest common factor of u and 14.
14
Suppose -3*a = -3*v + 3, -5*a = 5*v - 0*v - 25. Calculate the greatest common factor of v and 57.
3
Let y = 5 + -10. Let n = y - -17. What is the highest common factor of 6 and n?
6
Let d = -123 - -127. What is the greatest common factor of 3 and d?
1
Suppose 0 = c - 1 - 2. Suppose -v = c*v - 36. Suppose 3*q - 34 - 155 = 0. Calculate the highest common factor of q and v.
9
Suppose 4*m - 11 - 1 = -2*a, -24 = -4*a + 2*m. Suppose o = a*o - 120. Calculate the highest common divisor of 60 and o.
12
Suppose -64 = 4*r + 3*f, 0*f - 2*f - 8 = 0. Let m be 0 - (r/1 - -3). Let p = 170 - 100. What is the greatest common factor of m and p?
10
Let q = 6 - -2. Suppose 0*x - u = 3*x - 191, -x + 66 = -2*u. What is the highest common factor of q and x?
8
Let t be -29 + 0 + (1 - -1). Let d = t + 40. Calculate the greatest common factor of d and 65.
13
Let z(l) = -l**3 - 5*l**2 - 4*l + 3. Let r be z(-4). What is the greatest common divisor of 24 and r?
3
Let d(n) = n**3 + 13*n**2 + 9. Let r be d(-13). Let f be (-3)/(-2)*(-3 + 7). Calculate the highest common factor of f and r.
3
Let p be ((-900)/8)/(6/(-8)). Suppose 6*v - p = v. What is the greatest common factor of 10 and v?
10
Let f = 7 - 3. Suppose 8*w = 3*w + 15. Suppose w*u - 1 = -7, 5*n + 2*u = 6. What is the greatest common factor of f and n?
2
Let m be (-64)/12*6/(-4). Suppose -g + i + 11 = 0, 4*g - m*g = 5*i - 62. Let x = g - 5. What is the greatest common factor of x and 8?
8
Let z = 25 + -1. Calculate the greatest common factor of z and 16.
8
Suppose 13 = 2*r - 29. Calculate the highest common factor of 7 and r.
7
Let y(q) = -q**3 + 3*q**2 + 5*q - 2. Let t be y(4). Suppose 24 = 3*c - t*g - 20, -4*g + 20 = 0. Calculate the greatest common divisor of c and 12.
6
Let j(c) = c + 12. Let o be j(-12). Suppose 2*u + o*u - 5 = -i, -2*u = 4. What is the highest common divisor of 9 and i?
9
Let d be 24*(0 - -3)/(-6). Let u be -1 + 2 + (0 - -20). Let n = u + d. Calculate the greatest common divisor of 1 and n.
1
Suppose 4*q - 5*c + 12 = 0, 4*q + 4*c - 20 = c. Suppose 4*o + 5*z - 161 = 0, q*o - 3*o + 5*z + 59 = 0. What is the highest common factor of 110 and o?
22
Suppose -3 + 2 = -y - 4*v, 4*v = -4. Suppose y*j = 3*r + 700, j - 3*r = 3*j - 280. What is the highest common factor of 56 and j?
28
Suppose -15 = -i - 2*i. Suppose i*l + 15 = 75. What is the highest common factor of l and 4?
4
Let m = 113 + -26. Suppose h - 1 = m. Calculate the greatest common factor of 8 and h.
8
Suppose -3*v - 5*q + 47 = -2, -4*q = -3*v + 85. What is the greatest common divisor of 92 and v?
23
Suppose 0*w + t - 185 = -3*w, w - 2*t = 50. Suppose 0 = 4*m - 0*v - v - 44, 46 = 5*m + v. Calculate the greatest common factor of m and w.
10
Let t(v) = 2*v**2 - 5*v - 3. Let x be t(5). Suppose -u - 18 = x. Let r = 66 + u. What is the highest common divisor of 65 and r?
13
Let i(w) = 2*w**2 + 7*w - 1. Let v be i(-5). What is the greatest common divisor of 14 and v?
14
Let y be 2/2*(0 + 11). Suppose 2*z = 3*z + 14. Let s be (-1544)/z - (-2)/(-7). Calculate the greatest common divisor of s and y.
11
Let q be 3/(-6) + (-165)/(-6). Calculate the greatest common factor of q and 3.
3
Suppose d + 3*d = 28. Let u be -3 + -15*(-4)/6. What is the highest common divisor of d and u?
7
Suppose -5*s + 220 = 3*k, 0 = -6*k + 3*k - 4*s + 221. Calculate the greatest common factor of 25 and k.
25
Let f = 11 + 6. Let v = 263 + -229. What is the highest common divisor of v and f?
17
Let b be (3 - 14)/(2 + -3). Suppose -d = -3*i - b, -2*d + 2*i = -4*d - 10. Let k be (d - 0)/(1/(-19)). What is the highest common factor of k and 19?
19
Let g = 10 + 2. Suppose -2*w = 5*w - 252. Calculate the highest common divisor of g and w.
12
Suppose 0*r = -5*r + 15. Let z be 5/(-4*r/(-48)). Calculate the greatest common factor of 4 and z.
4
Suppose 2 = z - 2. Suppose 3 = k + z. Let w be k/(1 + -2) - -29. Calculate the highest common factor of 10 and w.
10
Suppose 2*i + 192 = 5*i. What is the highest common factor of i and 16?
16
Suppose 3*v = -2*v. Suppose 3*f + f - 16 = v. Let w = f + 4. Calculate the greatest common factor of w and 4.
4
Let t(z) = -16*z**2 + z - 2. Let n be t(2). Let u = -39 - n. Calculate the highest common factor of 5 and u.
5
Suppose 0 = 4*r - 4*p - 12, 0*p = 3*r + 4*p - 23. Let c(l) = -5*l - 25. Let m be c(-9). What is the greatest common factor of r and m?
5
Let k = 4 + 0. Suppose -p = 5*f - k, 4*f + p = 4 - 1. Let o be f/((-3)/6) - -15. What is the greatest common divisor of o and 26?
13
Le